220 + -122223?
-230103
In base 7, what is 24 + 5362555?
5362612
In base 2, what is 11 - 1101111110111111111100110111?
-1101111110111111111100110100
In base 14, what is -10 + -51b1363?
-51b1373
In base 14, what is 830 - -90cc?
991c
In base 16, what is -5 - b46304?
-b46309
In base 12, what is b4a7a24 - 1?
b4a7a23
In base 7, what is 4 + -520013542?
-520013535
In base 12, what is 13b18 - -2061?
15b79
In base 10, what is 5674 - -7730?
13404
In base 12, what is 431a36 + 27?
431a61
In base 6, what is 5 - 25415334?
-25415325
In base 5, what is -12133302 + 1233?
-12132014
In base 7, what is -22 + 11506?
11454
In base 4, what is -1033 + 110303220120?
110303213021
In base 11, what is 310 + 1a6424?
1a6734
In base 14, what is 2146 - -32b1?
5417
In base 6, what is -1555 + -315352?
-321351
In base 3, what is 210 + 211100021202?
211100022112
In base 9, what is -12731 + 256?
-12464
In base 14, what is -4 + -115387c?
-1153882
In base 15, what is -3 - -855a112?
855a10e
In base 9, what is 18 - 4185644?
-4185625
In base 2, what is -10010111110010 - 100001011101?
-10111001001111
In base 4, what is 32211101100 + 10?
32211101110
In base 9, what is -35660 - -1326?
-34333
In base 2, what is 10001011001111011011110 + -11000?
10001011001111011000110
In base 8, what is 1247314257 - 1?
1247314256
In base 14, what is -693856b + 0?
-693856b
In base 8, what is 6644 - -1767?
10633
In base 12, what is 319 - 47058?
-4693b
In base 8, what is 3661 - 10622?
-4741
In base 15, what is c6 + 158b3?
15989
In base 8, what is -27037407 + -4?
-27037413
In base 15, what is -106e9 - 620?
-10d19
In base 5, what is -2444410 + -1334?
-3001244
In base 8, what is 3 - -67203605?
67203610
In base 11, what is -58917 - 21?
-58938
In base 9, what is 2 + 5851600?
5851602
In base 8, what is 40071 + 2512?
42603
In base 11, what is -95172a + -46?
-951775
In base 11, what is 11541 - 142?
113aa
In base 15, what is -3077b88 - -2?
-3077b86
In base 12, what is -32642b + -2?
-326431
In base 10, what is 1011021 + -10?
1011011
In base 3, what is -10101 - 200102021?
-200112122
In base 16, what is 97e5ea5 + -5?
97e5ea0
In base 10, what is 3 + 88285031?
88285034
In base 7, what is -1603602 + 313?
-1603256
In base 11, what is -a8 + 72aaa?
72a02
In base 16, what is 972b - 4b0?
927b
In base 16, what is e8657 - 3d?
e861a
In base 16, what is 87b6 + -a?
87ac
In base 4, what is 301110231 - 222123?
300222102
In base 2, what is -101010000111110110011110 - 0?
-101010000111110110011110
In base 13, what is -a48a48 - 10a?
-a48b55
In base 14, what is 1b3 - -b986?
bb59
In base 5, what is 31310 + -1112323?
-1031013
In base 10, what is -4 + 196701661?
196701657
In base 2, what is -110101101000101011011 - -10001001?
-110101101000011010010
In base 10, what is -128954 - -12?
-128942
In base 5, what is 10 + -232040312?
-232040302
In base 11, what is 1aa + -12834?
-12635
In base 4, what is -2 - -1332322323121?
1332322323113
In base 16, what is -171 + b4a6?
b335
In base 15, what is d1 + -11267?
-11186
In base 8, what is 30703621 + 1?
30703622
In base 11, what is -417695 - -27?
-417669
In base 15, what is 163ea2 - -1?
163ea3
In base 14, what is -1b122 + 2080?
-19082
In base 13, what is 456c - 21b?
4351
In base 14, what is 10a4d73b - -1?
10a4d73c
In base 4, what is 2310 + -233012323?
-233010013
In base 16, what is 90899 + -1?
90898
In base 7, what is 1032344 - 424?
1031620
In base 4, what is 21 + 132331311102?
132331311123
In base 6, what is -5 + 11053151535?
11053151530
In base 7, what is -60064 - 23106?
-113203
In base 16, what is 318 - 2661?
-2349
In base 14, what is 1558 + -11?
1547
In base 12, what is -5 + 3371631a?
33716315
In base 8, what is 3 + 11112713?
11112716
In base 5, what is -3 - 31331233313?
-31331233321
In base 14, what is -10a58 - 31d?
-10d77
In base 5, what is 43431230030 + 4?
43431230034
In base 13, what is -bb201 - -308?
-babc6
In base 15, what is 40024 + 75?
40099
In base 6, what is -5011 + 411131?
402120
In base 16, what is b61846 - 0?
b61846
In base 7, what is 66043446 - -4?
66043453
In base 7, what is 10141 - 14006?
-3535
In base 13, what is 61 - 2040517?
-2040486
In base 12, what is -3 - -1aa1b457?
1aa1b454
In base 7, what is 160060 + -3205?
153552
In base 11, what is 1 + -135113a7?
-135113a6
In base 10, what is -2662 - -1648?
-1014
In base 8, what is 1364553 - -143?
1364716
In base 13, what is 202ac1 + 190?
202c81
In base 8, what is -5035533761 + 2?
-5035533757
In base 9, what is 51233 + -1477?
48645
In base 16, what is 2ef3fb1 - 3?
2ef3fae
In base 16, what is -1b647e - 9?
-1b6487
In base 6, what is -1304 - -53150021?
53144313
In base 8, what is -13 + 110210764?
110210751
In base 15, what is 4 - -3723ec?
372401
In base 12, what is -4 - -8744294?
8744290
In base 5, what is -342044 + 2020020?
1122421
In base 10, what is 1311 + 5668?
6979
In base 11, what is -339a333 - -2?
-339a331
In base 13, what is 6 - -5bb9b27?
5bb9b30
In base 6, what is 513 + 525150?
530103
In base 2, what is 1100011101000111011001011 - 101?
1100011101000111011000110
In base 3, what is -2 - 20201210020102?
-20201210020111
In base 8, what is -5 - -40513746?
40513741
In base 3, what is -100021000202201 - 12?
-100021000202220
In base 10, what is 207064 - 44?
207020
In base 9, what is -3045 + 50425?
46370
In base 10, what is 2 - 70044062?
-70044060
In base 5, what is -112424 + -1431?
-114410
In base 15, what is -4a9539 + 4?
-4a9535
In base 7, what is 1 - -1155321616?
1155321620
In base 9, what is 100723051 - 12?
100723038
In base 4, what is -11 - 1133230300?
-1133230311
In base 8, what is -416432 - -37?
-416373
In base 16, what is f7a01 + -10?
f79f1
In base 10, what is -46843 + -99?
-46942
In base 8, what is -13 + 67706231?
67706216
In base 12, what is 199b020a - 1?
199b0209
In base 10, what is -404172 + -3?
-404175
In base 10, what is -5668786 - 2?
-5668788
In base 7, what is 2 - 156531530?
-156531525
In base 16, what is a8df - 82?
a85d
In base 7, what is 546351 + -142?
546206
In base 14, what is -d8 - -1a152?
1a058
In base 13, what is -46c583 - 168?
-46c71b
In base 13, what is -2c - -75529?
754ca
In base 12, what is 18757 + -423?
18334
In base 4, what is -132322021 + 2?
-132322013
In base 8, what is -2 - 275736467?
-275736471
In base 10, what is -4 - 53634548?
-53634552
In base 10, what is -125828 - -95?
-125733
In base 8, what is -121 - 27012?
-27133
In base 10, what is 98395 + 1460?
99855
In base 4, what is 3033103332113 + 2?
3033103332121
In base 7, what is -36 - -656600?
656531
In base 11, what is -152a285 + -11?
-152a296
In base 15, what is 2 - 88d355?
-88d353
In base 14, what is 34 - 3c87?
-3c53
In base 4, what is -130322120 - -12220?
-130303300
In base 14, what is 1449d5 - -27c?
144c73
In base 10, what is 1707227 - -3?
1707230
In base 10, what is 2646051 + -44?
2646007
In base 14, what is -a95510 + -7?
-a95517
In base 9, what is 11 - -31230523?
31230534
In base 3, what is -112020121010011121 - 2?
-112020121010011200
In base 6, what is -3211002 + 2?
-3211000
In base 13, what is 4a8b5 - -135?
4aa1a
In base 14, what is 14cd38 + -31?
14cd07
In base 15, what is 7cc - -2e37e?
2eb5b
In base 7, what is 1205252 - -2026?
1210311
In base 9, what is 7544768226 + 4?
7544768231
In base 12, what is 1701 - 4786?
-3085
In base 3, what is -12 - -11101202102211111?
11101202102211022
In base 2, what is 101 + 1111100101100111111001?
1111100101100111111110
In base 7, what is 42415 - -56100?
131515
In base 9, what is 10657715 + 4?
10657720
In base 9, what is 21 - -4352877?
4353008
In base 6, what is -34 + 40525131?
40525053
In base 8, what is 52747400 + -3?
52747375
In base 12, what is b32 - -b7aa1?
b8a13
In base 16, what is -39677e - -3?
-39677b
In base 8, what is -54115 - 37?
-54154
In base 9, what is 11602 - 1856?
8635
In base 15, what is 4e + 46829?
46878
In base 2, what is 10101011010110111 + 101101?
10101011011100100
In base 8, what is 154720133 - -2?
154720135
In base 11, what is 821a3 - -433a?
86532
In base 15, what is 5 - db664b?
-db6646
In base 4, what is 1 - -332121000121?
332121000122
In base 3, what is 220121 - -21100021212?
21101012110
In base 14, what is -6 - 6808300?
-6808306
In base 2, what is -1 - -1001011001101110110010011?
1001011001101110110010010
In base 16, what is -120 + -e3be7?
-e3d07
In base 10, what is 104126 - 836?
103290
In base 